+ (-2 + -3 - 6))
8
What is 1 - (5 - (0 + (-5 - -6)) - 5)?
2
What is the value of (2 - (-2 - 2)) + 0 + (-6 - -6)?
6
-25 + (30 - 29) + 14
-10
What is 16 + 3 + (23 + -11 - 21 - 1)?
9
-6 + 7 + 37 + -28 + 0 + 1
11
What is the value of 25 + (-33 - (-20 - -26))?
-14
Calculate -12 + (4 - (-4 - (3 - 17))).
-18
-5 + 9 + -6 - (-4 + -31 + 10)
23
(-14 - -2 - (-27 + 33)) + -5
-23
What is the value of -7 + 12 + -5 + 6?
6
-3 + 13 + (3 - 1) + 7 + -41
-22
(7 - (5 - -7)) + -4 + 12 + -10
-7
What is (9 - 2 - (-4 + 48)) + 16?
-21
(2 - 1) + 3 + 74 + -67 - -3
14
-2 + 0 + 7 - (19 + -14)
0
What is the value of -4 + (-8 - 5) - (0 - -3)?
-20
-1 - ((0 - (5 - -4 - 4)) + 6)
-2
Calculate 7 + -9 + 9 + -9 + -7.
-9
Evaluate 96 + -21 + -15 + -24.
36
Calculate -21 + 7 + -1 + 8.
-7
What is the value of (-14 - ((-15 - -3) + 5)) + 20?
13
What is the value of (15 + -31 + 12 - 8) + -6?
-18
-19 - (1 + (-3 - 0) - (20 + -24))
-21
-2 + 51 - (5 + -32 + 40)
36
What is the value of -30 - (7 + -7 + -4 + -3 + 9)?
-32
What is (1 - 8) + 28 + 12 + -31?
2
Calculate -3 - ((-8 - 8) + 9 + -1).
5
What is 5 - (-22 + 25 - 16)?
18
Evaluate 0 + -8 + 29 + -31 + -11 - 4.
-25
Calculate -12 - -14 - (3 - (3 - 5 - 3)).
-6
(10 - (-9 + (3 - -16))) + 1 + 5
6
Calculate 3 + -16 - ((6 - 11) + -4).
-4
What is the value of -26 - 0 - ((-9 - 39) + 37)?
-15
Calculate 1 + 1 - (463 - 482).
21
What is the value of (-73 - -59) + (24 - 0)?
10
Calculate (4 - -7) + (1 - 18).
-6
What is the value of 1 + -7 - (-101 - (-120 + 56))?
31
What is -4 - (6 + 7) - -12?
-5
What is the value of 2 + -6 - ((20 - 10) + -4 + 6)?
-16
What is (-16 - (-13 + 3)) + 12?
6
What is 15 + -16 + -8 + 8?
-1
Evaluate 20 + -11 + 8 - -11.
28
Calculate 6 + -1 - (-3 - 15 - -9).
14
Evaluate -14 - -3 - (7 + (-7 - 2)).
-9
What is -8 + -3 + 11 + (10 - 8)?
2
Evaluate -6 + -5 + 22 + -7 + (-1 - 2).
1
-11 - ((71 - 61) + (22 - 0) - 6)
-37
-41 - -3 - (84 + -149)
27
Calculate 18 - (10 - (18 - (0 - (-2 + -4)))).
20
(13 - 9) + 22 + -48
-22
(8 - (8 - -9)) + 8 + 0 + -6
-7
Calculate 4 - (-15 + 13 - 7).
13
What is (-22 + 16 - (8 + -2)) + -2 + 5?
-9
Evaluate (-4 - -3) + (-10 - -6) + (-5 - 1).
-11
What is -5 + (-3 - 0) + (-7 - -21)?
6
Calculate -1 + (1 - 1) + 3.
2
What is 7 - (5 - 2) - -5 - (4 + -5)?
10
Evaluate (2 - 1) + -55 + 10 + 29.
-15
What is the value of 8 - (-4 + (11 - 9) + 10 + -9)?
9
What is (3 + -2 - -8) + -2 - (-110 - -101)?
16
7 + (1 - (10 + (-11 - -7) + 5))
-3
-148 - -141 - (2 - 40)
31
What is the value of 10 - (30 + -7 + -14 + 1)?
0
What is the value of -6 + (-1 - (-8 + 1)) + -8 + 9?
1
Calculate -1 + -18 - (-31 - -40).
-28
Evaluate (-16 - -4 - 1) + (-2 - -30).
15
What is (3 - 1 - -3) + -15 + (55 - 38)?
7
Calculate 4 + 0 + 24 + -13.
15
Calculate (13 + -11 - 7) + (1 - -12).
8
Calculate (-16 - (-36 - -15)) + -13.
-8
2 + -19 - (-31 + 11)
3
What is the value of -12 + 15 + (-5 - -16)?
14
Calculate -11 + -13 + -8 + 19 + -9.
-22
What is the value of 43 + -57 - (4 + -13)?
-5
What is 3 + -4 - (15 - (8 - (4 - -9)))?
-21
(-9 + -4 + -5 + 9 - 1) + 9
-1
Calculate (-5 - -7 - 2) + (2 - -12).
14
What is the value of -26 + (8 - 6) + 12?
-12
(0 - 24) + 45 + -12
9
-8 + (-19 + 20 - 7) - -39
25
Evaluate 6 + (3 - (24 + -9)) + 5.
-1
6 - (1 + 0 + 6 + -579 + 599)
-21
Calculate (-21 - -1) + -23 + 29 + 19.
5
What is the value of -17 + 25 + -20 - 1?
-13
What is the value of 68 + -74 - (2 + -18)?
10
What is the value of 14 - (5 - (-1 + -4 - -4))?
8
-53 - (-4 - (10 + 12))
-27
Calculate 1 + (41 - 22) - 23.
-3
Calculate (-1 - 9) + (-1 + 10 - 1).
-2
Calculate (5 - (-8 - 18)) + -31.
0
Calculate 23 + (14 - 24) + 13.
26
What is (-6 - (8 + -3 + -7)) + 13 + 7?
16
Evaluate (-2 + 12 - 5) + (-28 - (-1 + -2)).
-20
Calculate (-18 - -26) + -8 - (-2 - 0).
2
What is the value of (-3 - 1) + (-18 - (83 + -85))?
-20
-8 + 1 + (2 + 10 - -2)
7
Evaluate (0 - 6) + (-1 + -14 + 9 - -3).
-9
What is -6 - (0 + 8 + -12 + (10 - 3))?
-9
(7 - 2) + (6 - 30)
-19
What is the value of 5 + -7 + (-8 - (8 - 9))?
-9
-7 + 4 + (5 - (2 - (-22 - -10)))
-12
What is -26 + 41 + -25 + -4?
-14
Calculate -1 + (1 - 9) + (21 - 3).
9
-1 + 20 + (-10 - ((-5 - -2) + -1))
13
What is (0 + 6 - 6) + 15 - 18?
-3
What is the value of (241 - 211) + -19 + -1?
10
Evaluate (-11 - (-10 + 3 - -5)) + -6 + 6.
-9
Evaluate -13 - -7 - (4 - -11 - 3).
-18
Calculate -8 + (8 - (-3 + 9 + -13)) + 12.
19
What is the value of (5 - 1 - 4) + -1 + (2 - 2)?
-1
What is the value of 2 + 16 + -2 - (107 - 98)?
7
(23 - (7 - -2)) + -5
9
What is 9 - (0 + -9 + 3 + 31)?
-16
What is -6 + (1 - (1 - 1)) - (-19 - -24)?
-10
(-3 - (2 + 10)) + 12 + 12 + 1
10
Calculate -64 + 6 + 12 + 31.
-15
-3 + (10 - 4) + 5
8
Evaluate (3 - 11) + 6 + -11 + 10.
-3
Calculate -10 - (-5 + -8 + -3 + 0 + 20).
-14
Evaluate -4 + 4 + (-8 - -2) + (-9 - -1).
-14
Calculate 6 + -11 + 5 - (-4 + 0).
4
What is -3 + (-6 - (-29 - 6)) - (-16 + 14)?
28
What is the value of -21 + 21 + -27 + (12 - -1)?
-14
What is the value of 121 + -132 + (-2 - -3)?
-10
Calculate -9 + (-16 - -21 - (2 - -4)) - -4.
-6
Evaluate 9 + -2 + (3 + 2 - (-146 - -155)).
3
Evaluate 13 - (3 + (12 - 5) + -28).
31
What is (5 - ((11 - 4) + (6 - 2))) + -7?
-13
14 + 14 - (-7 - (-3 + -4))
28
Evaluate (14 - 2 - 2) + 70 + 32 + -143.
-31
Evaluate -16 + (-3 - -1) + -3 + 7 + 2.
-12
0 + -9 + -1 + (-87 - -40) + 47
-10
Evaluate 3 + 1 - (5 - (6 + -11 + 1)).
-5
Calculate 9 + 11 + (7 - 7).
20
Calculate -9 + (-1 - (-18 + 10)) + 9.
7
What is 9 + (-3 - -12) + -30 + 10?
-2
What is -17 + (11 - -13) + -9?
-2
Evaluate -4 - -1 - -3 - (2 + -12) - 23.
-13
Calculate 4 + 14 + (9 - (-7 + 10 + 11)).
13
What is 6 - (-9 - 3) - 16?
2
Evaluate -4 + -5 + 11 + 13 - 13.
2
Calculate -5 + (4 + (-8 - (6 + -11)) - -5).
1
What is the value of 15 - ((-12 - -23) + 13)?
-9
What is 7 + (-2 - (1 + 7)) + 0?
-3
Evaluate 53 - 52 - (-1 + 1 + 1).
0
7 + 0 + -3 - 3 - 4
-3
What is 2 + (14 + (-7 - (-3 + 3)) - 25)?
-16
Calculate (3 - 26) + 27 + -19 + (-1 - -1).
-15
Calculate (5 - 0) + (16 - 9) - (0 + -2).
14
Calculate (33 - (-25 + 85)) + 30.
3
What is the value of -29 - ((-5 - 20) + 22)?
-26
What is the value of -25 + (-31 - -13 - -6 - -6)?
-31
What is 9 + (8 - (5 - -8)) - (24 - 6)?
-14
Evaluate -16 + -8 + 15 - -10 - -9.
10
What is the value of 4 + (6 - (7 - (-2 - (-1 + -9))))?
11
What is (-8 - (-13 - -19)) + 10?
-4
What is the value of 42 - 38 - (-3 - 0 - (-17 + 7))?
-3
Evaluate (2 - 2 - -3) + -5 + 5.
3
What is the value of -31 + (2 - 0) - (-406 - -400)?
-23
Calculate -2 + (2 - (0 + -2 - -4 - 0)).
-2
Evaluate (1 - -1) + -13 - (4 - (-2 + 3)).
-14
(-35 - -23) + -30 + 14
-28
6 + (22 - (11 + 0))
17
What is -3 - (-11 - -10 - (-3 + 0))?
-5
Evaluate 1 - (-7 - -1 - (-165 - -146)).
-12
18 + -2 + -94 - -42
-36
0 + -10 + 9 - -18 - 9
8
Evaluate (-16 - -40) + -41 - (1 - 8).
-10
-4 - (-3 + 24 + -17 - (-5 - -2))
-11
What is (-48 - -43) + -2 + (1 - (3 - 2))?
-7
Calculate (-42 - (-28 - 14)) + 33.
33
Evaluate -10 - (4 - (10 - 2)).
-6
Calculate -5 - -6 - (-22 + -1 + (-4 - -9)).
19
-1 + 9 - (28 - (28 - 17))
-9
Calculate 6 + 0 + (19 + -3 - (-7 + 17)).
12
What is the value of (7 + -4 - (-25 + 59)) + (6 - 1)?
-26
What is the value of 728 + -711 + (-21 - -1)?
-3
Evaluate -27 + (-11 - (-19 - 1 - 2)).
-16
What is the value of (-26 - -7) + (-4 - (-16 + 1 - -5))?
-13
What is 2 + -5 + (-25 - (-7 + -13)) - 15?
-23
Evaluate (1 - -1 - -2) + 304 + -321.
-13
Evaluate 1 + -6 + -5 + 2.
-8
Evaluate 5 - (7 + (-15 - -18) + -1).
-4
What is -3 - ((1 - 5) + -1) - 5?
-3
What is 2 - (-9 - -2) - 3?
6
What is the value of -27 + 2 - (-45 - -33)?
-13
Evaluate (-1 - -5) + -28 + (7 - -14).
-3
-591 - -578 - (1 - 1)
-13
-1 - 0 - -9 - ((-5 - 2) + 7)
8
What is the value of 3 + -1 + (294 - 296) + 0 + 5?
5
Evaluate (-6 - (9 - 17 - -5)) + 2.
-1
Evaluate -9 + 2 + (-2 - -3) - (-10 - 0).
4
What is the value of 3 + 0 + -9 + 18 + -16?
-4
What is the value of 15 + 1 + (-221 - -210)?
5
Evaluate -5 - -9 - (-10 + 16 + -12).
10
What is the value of 1 + -4 + (3 - (-5 - -3) - 5)?
-3
(-15 - (-1 - 30)) + -16
0
68 + -24 - (8 + (-2 - -6))
32
Calculate -7 + 16 + -4 + (0 - -1) + -3.
3
Calculate -9 + -6 + 1 + 32.
18
Evaluate (-24 - (-31 + 8)) + (16 - 0).
15
Evaluate 70 + -69 + -2 + -1 + 3 + -31.
-30
Evaluate (68 - 65) + 0 + -1 + -4.
-2
6 - 19 - (2 + -10)
-5
What is 4 + (-2 - -19) - 32?
-11
What is the value of 9 + -10 - 9 - -2?
-8
Evaluate 0 - -24 - (-420 - -432).
12
What is -5 - (-15 - -4